g - 1 = 2*i + 9, 3*g = i + 13. Let o(m) = -m - 5. What is o(g)?
-9
Let a(z) be the first derivative of -z**4/4 + z**3 - 2*z**2 + z - 103. Let i = 6 + -3. Calculate a(i).
-11
Suppose 1 = 2*i - 1. Suppose 4 + i = u. Suppose 0 = 3*h - u*h + 4. Let z(v) = -v**2 + 3*v + 1. Calculate z(h).
3
Let g(n) = -3*n**2 - 2*n + 1. Let o = -12 - -7. Let d be (7/35)/((-1)/o). Determine g(d).
-4
Let c be (-3)/7 - 51/(-21). Let p(w) = -w**3 + 2 - 3*w - 5 + 4 + 2*w**2. Calculate p(c).
-5
Let g(j) = -5*j - 3. Let p(h) = 4*h + 2. Let a be -3 - -2*(3 - 4). Let d(b) = a*g(b) - 6*p(b). Give d(-3).
0
Let k be (-75)/(-30)*(-24)/(-10). Let c(s) = 3*s - 8. Give c(k).
10
Let d(p) = p**2 - 2*p - 6. Let u = 11 + -8. Suppose u*o = 17 - 2. What is d(o)?
9
Let p(g) be the third derivative of g**5/60 - g**4/6 - g**3/6 + 86*g**2. Suppose -5 + 2 = -t, 3*q - 4*t - 3 = 0. Determine p(q).
4
Let q(u) = -u**2 - 5*u - 1. Let v = 24 + -28. Calculate q(v).
3
Let p(t) = -t**3 + t**2 + 3*t + 1. Let g be p(-2). Let v(i) = -i + 6. Let s be v(g). Let z(l) = 7*l. Calculate z(s).
-7
Let a = 1 - 14. Let n(o) = 11*o**3 - 15*o**2 + 21*o + 6. Let s(k) = -5*k**3 + 7*k**2 - 10*k - 3. Let j(r) = a*s(r) - 6*n(r). Calculate j(-2).
-1
Let s = 11 - 8. Let f(r) be the second derivative of -r**5/20 + r**4/4 + r**3/6 + 3*r**2/2 + r. Determine f(s).
6
Let i(q) be the first derivative of -q**5/24 - q**4/12 - 3*q**3 + 4. Let n(p) be the third derivative of i(p). Calculate n(-2).
8
Let i(a) = -a + 3. Let k be i(2). Let l(s) = 4 + k - 1 - 4*s - 3. What is l(-1)?
5
Let l(a) = 4 - 2 + 8*a**2 - 13*a - 9*a**2. Let w be l(-13). Let i(y) = y**3 - 3*y + 3. Determine i(w).
5
Let r(d) be the first derivative of 12*d - 3 + 1/2*d**2. Give r(-6).
6
Let y(f) be the third derivative of f**4/24 - f**2. What is y(1)?
1
Suppose -22 = -g + 3*u + 2*u, 16 = -4*u. Suppose -g*y + q - 16 = 5*q, 0 = 2*y - 2*q - 8. Let b(w) = -w**3 + w**2 + 6. What is b(y)?
6
Suppose 0 = -3*o + 4*x + x - 34, 0 = -4*o + 2*x - 22. Let p = 8 + o. Suppose 0 = p*r + 2 + 3. Let l(y) = 4*y. Determine l(r).
-4
Let z(q) be the second derivative of -q**5/10 - q**4/12 + q**3/3 + 7*q. Determine z(-2).
8
Let n(r) be the second derivative of -1/2*r**4 + 1/20*r**5 + 7/6*r**3 + 1/2*r**2 + 0 - r. Calculate n(5).
11
Let t = -1 + 14. Suppose 0 = 3*r + 5*d + 4, -3*r + 4*d = -0*d + t. Let l = r + -2. Let c(u) = -u - 2. What is c(l)?
3
Let r(q) = 2*q - 4. Let o = 23 + -20. Suppose -4*t = -23 + o. Determine r(t).
6
Let f be 7/(-21)*(-2 + -1). Let l be ((f - -1) + 1)*1. Let s(i) = -i**3 + 3*i**2 - 4. What is s(l)?
-4
Let d(s) = -5*s**2 - 10*s**2 + 16*s**2 + 1. Calculate d(3).
10
Let g(x) = -x**3 - x**2 + 1. Let j be g(0). Let n(d) = -j + 1 + 3 - d - 2. Suppose -7*r + 2*r + 19 = w, 5*w - 11 = -4*r. Determine n(r).
-3
Suppose 2*p + 3 = 3*p. Suppose -4*z = -3*s - p*z - 11, s + z = -1. Let y(j) = j**3 + 5*j**2 + 4*j. Give y(s).
6
Let a(k) = k**2 + 3*k - 7. Let t(w) = w**2 + w - 3. Let l(x) = -2*a(x) + 5*t(x). Calculate l(2).
9
Let a(k) = 4*k**2 - 4*k - 5. Let d(v) = -9*v**2 + 9*v + 11. Let r(h) = -5*a(h) - 2*d(h). Let p be ((-4)/(-2) - 4)/(-85 - -86). Calculate r(p).
-9
Let f(j) = j**3 + j + 5. Suppose 0 = 3*h + 5*n - 4, -5*h + 4*n + 18 = -1. Suppose -5*u = -3 - 12. Let i = u - h. Give f(i).
5
Let a(o) be the first derivative of o**4/6 + o**3/6 + o**2/2 - 8*o + 8. Let c(d) be the first derivative of a(d). Let k be 2/(-2)*(0 - -1). Determine c(k).
2
Suppose 0 = -0*o + 3*o + 5*w - 14, -2*o - 5*w = -16. Let t(p) = -8*p - 2. Let b(v) = -9*v - 2. Let y(l) = -5*b(l) + 6*t(l). Determine y(o).
4
Let t = -1 - -5. Let o(x) = 3 + x**2 + 1 - 2 + t*x. Determine o(-3).
-1
Let m(q) = 25 - 24 - q**2 - 3*q**3 + 0*q**2. Let h = 0 + 1. What is m(h)?
-3
Let h(c) be the third derivative of c**5/60 - 3*c**4/8 + 5*c**3/6 - 4*c**2. Suppose -j + 0 = 4, -4*j - 30 = -2*u. Determine h(u).
-9
Let q = -5 + 5. Suppose 2*d = d + 3. Let z(a) = -4*a**2 - 9 - d*a + 3*a + 5*a**2. What is z(q)?
-9
Let k(r) = 2*r**2. Let f be k(2). Let s be f/(-6)*(-1 + -2). Let l(o) be the second derivative of -o**5/20 + o**4/3 + o**3/3 - 2*o**2 + o. Determine l(s).
4
Let j(t) be the first derivative of -t**3/3 - 7*t**2/2 - 2*t - 8. Let l = 13 + -20. Calculate j(l).
-2
Let q = 15 - 6. Suppose n - q = 4*a + 13, 0 = -a + 3*n. Let w(d) = d**2 + 7*d + 4. Calculate w(a).
-2
Let n(d) be the second derivative of d**3/6 - 7*d**2 - d. Let c(b) = 7*b**2 - 7*b - 8. Let u be c(-1). What is n(u)?
-8
Let s(c) be the third derivative of -c**7/5040 + c**6/360 - 2*c**5/15 + 5*c**2. Let a(d) be the third derivative of s(d). What is a(-5)?
7
Suppose 4*l = 3*q - 2 - 0, -3 = -3*q + 3*l. Let b(r) = 5 - 12*r**q + 5*r**2 - 7*r + 8*r**2. Let s = -5 - -11. Calculate b(s).
-1
Let s(c) = -c**2 - 9*c - 14. Let p be s(-4). Let j(q) = q**2 - 8*q - 6. Give j(p).
-18
Let u(i) = -5*i**3 - 6*i + 13. Let t(p) = -6*p**3 - 7*p + 14. Let r(y) = -6*t(y) + 7*u(y). What is r(0)?
7
Suppose 5*l - 25 = t, -l = 4*t + 3*l + 52. Let d be (-37)/(-5) - (-6)/t. Let s(k) = 0 - 1 - d*k + 2. Give s(1).
-6
Let l(b) be the second derivative of -b**4/8 - b**3/2 + b**2/2 - 2*b. Let z(s) be the first derivative of l(s). Suppose -2*v = 4*v + 18. Calculate z(v).
6
Suppose -o = 2*l - 2, 5*o - 2*l + l = 21. Suppose f - 26 = o*b - f, 0 = -5*b - 4*f - 26. Let a(j) = -j - 7. Determine a(b).
-1
Let h(d) = -d**3 + 2*d**2 + 5*d - 4. Let t be h(3). Let u = -2 + t. Suppose u = -5*s + 8 + 12. Let v(j) = -j**2 + 6*j - 2. Determine v(s).
6
Let p(h) be the first derivative of -h**4/4 - h**2/2 - 5*h - 7. Calculate p(0).
-5
Suppose 0*y - 10 = 2*y. Let z be 1/y + 84/20. Let i(s) = 2*s + 12. Let x(f) = -f - 11. Let n(a) = -2*i(a) - 3*x(a). Determine n(z).
5
Suppose 4 = 4*v - 4*r, -4*v = 2*r - 46 + 12. Let o(u) = -2*u + 8. What is o(v)?
-4
Let j(o) = 2*o. Let n be j(1). Let c(w) = 2*w**3 + 1 - n + 3*w**2 - 2*w**3 + w - w**3. Suppose 0*l = -5*s - 4*l + 22, -4*s + 23 = 5*l. Determine c(s).
5
Let w(q) = 8*q**2 - 4*q**2 - q**2 + 3 + 6*q - q**3. Let l(n) = -2*n**3 + 5*n**2 + 11*n + 5. Let s(d) = 4*l(d) - 7*w(d). Calculate s(1).
-1
Let m(u) = -u**3 - 2*u**2 - 2*u. Suppose b = -3*s - 3 - 5, -4*b + 2*s = -24. Suppose -5*o = -b*t + 44, t = -3*o + 2 + 9. Let h = 9 - t. What is m(h)?
4
Suppose -3*t + 14 + 4 = 0. Let v be t/(-4)*(-4 + 2). Let r = v + -4. Let a(p) = 4*p + 1. Give a(r).
-3
Let s(u) be the first derivative of -1 - 4*u - 1/2*u**2. Calculate s(-4).
0
Let p(a) = -a**3 - 5*a**2 - 2*a - 5. Suppose 5*j - 29 = 4*j. Suppose -3*t = -3*v - 0*v - 3, -5*v - j = t. Give p(v).
5
Suppose -2*s + 13 = 5. Let p(z) be the second derivative of 5/2*z**2 + z + 0 - 1/2*z**3. Calculate p(s).
-7
Let x(m) = -2*m**2 + 2*m + 4. Let j(r) = r**2 - 5*r + 6. Let s(d) = 3*d + 1. Let b be s(1). Let y be j(b). Let p = y + 1. Give x(p).
-8
Suppose -7 = -5*s + 3. Let v(z) = -6*z - 3 + 8 - z**3 + 2*z - 5*z**s. Suppose -3*x = -0*x + 12. Give v(x).
5
Let b(x) be the second derivative of x**4/6 - 2*x**3/3 - 3*x**2/2 - 6*x. Let g = 12 - 8. Give b(g).
13
Suppose 0 = 2*u - 3*u. Suppose u = 3*y + 4*h + 4, h - 6*h - 16 = y. Let q(k) = 4 - 4*k - 3*k**2 - 6 + y*k**2. What is q(5)?
3
Suppose -5*a - 55 = 5*o, -7*a + 2*a - 15 = 0. Let c be 2/o*(7 + -11). Let v(x) = -5*x**2. Calculate v(c).
-5
Let b = -9 - -13. Let q(l) = -l - 1. Calculate q(b).
-5
Let s(w) = w**2 - 5*w - 1. Let j = 69 + -64. Calculate s(j).
-1
Let s be ((-2)/4)/(1/(-2)). Let b(y) = -y. Let l(j) be the first derivative of -3*j**3 - j**2/2 + 1. Let p(u) = -2*b(u) + l(u). Calculate p(s).
-8
Suppose -9*b + 8 = -7*b. Let r(g) = 4*g + 2. Determine r(b).
18
Suppose 0 = 4*r + 4*s + 64, 0*r + 5*r - s + 50 = 0. Let t(h) = -h**3 - 12*h**2 - 11*h + 5. Let o be t(r). Let l(z) = -5*z + 0*z**2 - 2 - 2 + z**2. What is l(o)?
-4
Let b be (-2)/(-4)*(2 + 0). Let y = 4 - b. Let s(r) = 0*r**y - 2*r**3 + r**3 + 3*r + 3*r**2 + 0*r**3 + 5. Give s(4).
1
Let c(b) = -b**3 - 3*b**2 - b + 2. Let k = 7 - 7. Let d = k + -2. Calculate c(d).
0
Let h(y) = 4*y + 2. Let s be (5/1 - 3) + 3. Suppose -s*t - 10 = -0*t. Calculate h(t).
-6
Let g be (-14)/(1 + 1) + (2 - 3). Let i(a) = a + 3. Give i(g).
-5
Let t(i) = 2*i - 7. Let d(j) = 2*j - 7. Let r(p) = 5*d(p) - 6*t(p). Calculate r(5).
-3
Let a(f) be the third derivative of f**5/60 - f**4/12 - f**3/3 - 13*f**2. Give a(5).
13
Let o(p) = -p. Let u be o(-4). Let q = 10 - u. Let b(g) = 